 Let l(u) = -2*b(u) - 9*s(u). Give l(2).
-3
Suppose 0 = -13*m + 21*m. Let g(t) = -t**2 - t + 5. Determine g(m).
5
Let y(j) = -1 + 4 + 2*j + 0*j - 5*j**3 + 10*j**3. Let p(c) = 11*c**3 + 5*c + 7. Let g(w) = -4*p(w) + 9*y(w). Determine g(2).
3
Suppose 0 = 5*r - 20, 3*k + r - 19 = 6*r. Let l = k + -9. Suppose -l*s + 7 + 13 = 4*x, 9 = 2*x + s. Let h(b) = -b**2 + 4*b - 1. Determine h(x).
-1
Let q(f) be the second derivative of f**4/12 + 5*f**2/2 - 12*f + 1. Determine q(0).
5
Let k = -40 + 41. Let x(v) = 7*v**3 - 2*v**2 + 1. Calculate x(k).
6
Let t(q) = -q**2 - 7*q + 2. Let v(p) be the second derivative of p**3/6 - 6*p**2 - 2*p. Let u be v(6). Determine t(u).
8
Let v(a) = a - 3. Let k be v(3). Let x(j) = -j**3 + 4*j**2 + 7*j - 7. Let o be x(5). Suppose w - o*w = k. Let i(m) = m**2 - m - 2. Give i(w).
-2
Let z(j) = -2*j**2 - 2*j - 3. Let o(f) = 3*f**2 + f + 3. Let m(w) = -3*o(w) - 4*z(w). Suppose -2 = s + l - 8, -s + 2*l + 3 = 0. Give m(s).
3
Let l(i) = -3*i - 3. Let g be l(-2). Let x(w) = -w**3 - 17*w**2 + 19*w + 20. Let m be x(-18). Let a(f) = 2 + 0*f + f - m. Determine a(g).
3
Let m(b) be the third derivative of b**7/840 - b**6/72 + 7*b**5/120 - b**4/4 - b**3 + b**2. Let c(z) be the first derivative of m(z). Give c(4).
6
Let t(w) = -4 + 5 + 3*w + 14*w - 5*w. Calculate t(1).
13
Let t(b) be the third derivative of -b**7/2520 + b**6/144 + b**5/120 - b**4/24 - b**2. Let v(g) be the second derivative of t(g). Let q = 89 - 83. What is v(q)?
-5
Let o be 2/1*49/14. Let g(b) = -b**3 + 6*b**2 + 7*b - 4. Give g(o).
-4
Let i = 8 - 5. Suppose 4 = i*c - 29. Suppose -5 = j, 5*j = v - 9 - c. Let r(m) = -m**2 - 5*m - 4. Determine r(v).
-4
Suppose 6*x = -c + x + 31, 5*x = 25. Let o(z) = -z**3 + 5*z**2 + 10*z - 9. Calculate o(c).
15
Let m(h) = 2*h**2 + 3*h - 4. Let k be m(-3). Suppose -a + 2*w + 13 = 0, 3*a - k*w - 17 = 17. Let z(v) = 2 - v**2 - 2*v**3 + 0 + v**a. Determine z(-2).
6
Let k(q) = -q - 1. Let z be k(4). Let x(s) = -7*s. Let d(b) = 6*b. Let n(j) = j**2 + 8*j + 8. Let a be n(-6). Let m(y) = a*x(y) - 5*d(y). Calculate m(z).
10
Let u be (-1)/(0 + (-4)/(-4)). Let w(k) = k**2 + 2*k + 1. What is w(u)?
0
Let p(w) be the third derivative of 0 + 0*w + 6*w**2 + 7/3*w**3 - 1/24*w**4. Give p(8).
6
Let g = 253 - 425. Let r be g/24 + (-4)/(-24). Let y(z) = z**3 + 8*z**2 + 6*z + 2. What is y(r)?
9
Suppose 0 = -9*i + 4*i. Let y(t) = -7*t**3 - 7*t**2 + 7*t + 1. Let a(n) = -n**3 - n**2 + n + 1. Let f(v) = 6*a(v) - y(v). Determine f(i).
5
Let w = 30 - 34. Let o(q) = 3 + 3*q - 5*q**2 - 3*q**2 + 4*q**2 + 5*q**2. Give o(w).
7
Let f(o) = o + 9. Suppose -5*q = -n - q - 4, -3*q = 3. Let j = -15 - n. Let y be f(j). Let m(z) = -z**3 + 4*z**2 - z. Determine m(y).
6
Suppose j = 2*t - 3 + 1, -4*t + 10 = -3*j. Let z(q) = q + 8. What is z(j)?
2
Suppose -3*l = l - 40. Let c be 2/(-1)*(-5)/l. Let s(i) = 8*i**3 - 2*i**2 + 1. Give s(c).
7
Let z(i) be the first derivative of 4*i**3/3 + i**2/2 - i - 1. What is z(1)?
4
Suppose 6*b + 6 = -18. Let d(a) = -a**3 - 5*a**2 - 3*a + 3. Calculate d(b).
-1
Let k(d) = -4*d**2 - d - 2. Let h be k(-1). Let a(v) = -v**2 - 5*v + 6. Determine a(h).
6
Suppose 4 = -2*x - 6. Let s(z) = 6 - 7 - 5 + 2 - 2*z. Calculate s(x).
6
Let c(u) = -22*u**3 + 2*u**2 + u. Let z be c(-1). Let r = z - 7. Let w = r - 11. Let h(f) = f**3 - 4*f**2 - 4*f + 2. Determine h(w).
7
Let w(g) be the first derivative of -g**6/120 + g**5/15 - g**4/24 + g**3/2 - 3*g**2/2 - 1. Let x(m) be the second derivative of w(m). Give x(4).
-1
Let m(x) = x**2 - x + 2. Let b(l) = l**3 + 11*l**2 + 11*l + 8. Suppose -2*p = -2*q + 26, 0 = 3*q - 7 - 2. Let h be b(p). What is m(h)?
8
Suppose -3*r - 6 = -6*r. Let g(n) = -6 + 3*n**r - 4*n**2 + 4*n + 1. Calculate g(5).
-10
Suppose -1 = -0*n + n. Let s(i) be the third derivative of 0 - 1/24*i**4 - 1/6*i**3 + 7/60*i**5 + 0*i - i**2. Give s(n).
7
Suppose 3 = c - 0. Suppose 0 = -c*u - 8 + 2. Let s(a) be the second derivative of a**5/20 + a**4/12 - a**3/3 + a**2/2 + 3*a. Determine s(u).
1
Let o(a) = 1 + 9 + 2*a**2 - 2*a - a**2 + 10*a. Determine o(-7).
3
Let b(a) be the second derivative of -2*a**3/3 + a**2/2 - 3*a. Suppose -5*f + 25 = -4*y, -4*y - 16 = -f - y. Let g be b(f). Let o(q) = -3*q - 3. Calculate o(g).
6
Let s be (4/(-6))/(2/12). Let u(a) be the third derivative of a**6/360 + a**5/24 + a**4/24 - 2*a**2. Let v(z) be the second derivative of u(z). Give v(s).
-3
Let y be (2/(-10))/(2/(-5)). Let m(z) be the second derivative of -2*z - z**2 - 1/6*z**4 + 0 - y*z**3. Calculate m(-2).
-4
Let d(p) = 3*p + 3. Let n = 11 + -22. Let f(u) = 16*u + 14. Let x(o) = n*d(o) + 2*f(o). Let l(y) = y**3 - 5*y**2 - 4. Let h be l(5). What is x(h)?
-1
Let h(t) = t + 6. Suppose -5*v = 2*v. Calculate h(v).
6
Let p(n) = n**2 + 4. Let h be p(-4). Suppose -t = -5*t - h. Let l(y) be the second derivative of -y**4/12 - 7*y**3/6 - 3*y**2/2 + y. Give l(t).
7
Let f(x) = -2*x**3 - x**2 - 3*x + 2. Let d(n) = n**2 - n. Let p(b) = -2*d(b) + f(b). Suppose -15 = -5*r + 5*u, 5*r + 5 = -u + 2*u. Give p(r).
8
Suppose -3*k - 1 = -4. Let h be k*(-3 - (3 - 4)). Let t be (-1)/h*0/(-1). Let l(r) = -r**2 + r - 14. Calculate l(t).
-14
Let h(d) = d - 1. Let j(g) = -g. Let a be j(3). Let q(b) = 4*b - 4. Let m(p) = a*h(p) + q(p). Calculate m(-5).
-6
Let x(c) be the second derivative of -c**5/20 + c**4/12 + c**3/6 - 3*c**2/2 + c. Let y = 65 - 65. Calculate x(y).
-3
Let i(x) = -x**2 - 9*x + 5. Let c(y) = -2*y**2 - 10*y + 5. Suppose -5*n + 25 = 5*v, n = 5 - 3. Let f(z) = v*i(z) - 2*c(z). Determine f(4).
-7
Let g(f) = 2*f + 5 + 3 - 3*f. Let y be 4 + 9/(-3) - (1 + 0). Give g(y).
8
Let z(m) be the third derivative of -m**6/12 + m**5/30 - m**4/12 + m**3/6 + 15*m**2. Suppose 0*v = 2*v - 2. Give z(v).
-9
Let c(s) = -s**2 + 22. Let w be c(5). Let q(b) = b**3 + 3*b**2 + 2*b. Determine q(w).
-6
Let k be (4/(-6))/(1/3). Let d(r) = -226*r + 110*r + 114*r + 2. What is d(k)?
6
Let o = -3 + 6. Suppose -o*c = 12 - 30. Suppose 0 = c*r - 2*r. Let t(h) = h**2 - h - 4. Calculate t(r).
-4
Let g(h) = 4*h**3 - 9*h**2 + 7*h + 2. Let l(c) = -c + 1. Let s be l(6). Let d(m) = m**3 - m**2 + m. Let w(y) = s*d(y) + g(y). What is w(-4)?
-6
Let l(u) = -6*u**2 + 1. Let n = -34 - -18. Let z be (-4)/n + (-5)/4. Let p be l(z). Let x(d) = -d. Give x(p).
5
Let w(p) = p - 6. Let m(i) = 6*i - 29. Let f(q) = -2*m(q) + 11*w(q). Determine f(0).
-8
Let p(t) be the second derivative of 2*t**3/3 + 3*t**2/2 - 13*t. Give p(-2).
-5
Let l(v) = -11*v**2 + 19*v - 13. Let c(r) = -5*r**2 + 9*r - 6. Let s(d) = 9*c(d) - 4*l(d). Calculate s(5).
-2
Let f be 1/7 + ((-835)/(-7))/5. Suppose 3*m + 8 = -40. Let p be 34/(-6) - m/f. Let n(w) = -w**2 - 6*w - 5. Determine n(p).
0
Let v(j) = -j**2 + 6*j + 1. Let y be v(6). Let w(u) = -y + 6*u - 8*u + u. Give w(3).
-4
Let r be (3 - 2)/1*-2. Let p = r + 4. Let c(k) = 3*k**2 + 5*k**p - 4*k + k**3 - 4*k**2 + 0*k**3. Determine c(-5).
-5
Let i(z) = -z**3 + 6*z**2 - 2*z + 2. Let j be (84/147)/((-2)/(-21)). Give i(j).
-10
Let f(a) = -a**2 + 3*a + 4. Let y(p) = p**3 + 6*p**2 - 6. Let h be y(-6). Let n = h + 11. What is f(n)?
-6
Let a(g) = g**3 + 3*g**2 - 2*g - 3. Suppose t + 4 = -n - 0*t, 20 = -5*n + 5*t. Give a(n).
-11
Let a(h) = h - 1. Let g(m) = 15*m - 4. Let n(q) = -3*a(q) + g(q). Calculate n(1).
11
Let l(u) = -2*u**2 + u. Suppose 0 = 5*i - 0*i - 10. Suppose -i*f + 2*g + 0 = -4, 0 = -4*f - 3*g + 22. Suppose -f = 2*k - 6*k. Calculate l(k).
-1
Let n be (-2 + 1)/(-1) - -1. Let t(q) = 6*q**3 + 3*q**2 + 8*q - 1. Let h(x) = 5*x**3 + 2*x**2 + 7*x - 1. Let k(z) = -5*h(z) + 4*t(z). Give k(n).
-5
Let c(k) = k**2 - k + 4. Suppose 0 = -a - 5*d - 5, -3*a = -3*d - d - 4. Calculate c(a).
4
Let o(w) = 7*w + 10. Let d(s) = -10*s - 14. Let j(i) = 5*d(i) + 7*o(i). What is j(3)?
-3
Let w(o) = -o**2 + 3*o + 1. Suppose 5*s - 3 = 17. What is w(s)?
-3
Let g(q) = q**2 + 4*q - 5. Let d = 174 + -178. Calculate g(d).
-5
Let f be 9/2 - (-2)/4. Let p = f - 3. Let x(h) = 0 - p*h + 3 - 6*h**2 + h**3 + 7*h. Determine x(5).
3
Let n(l) be the second derivative of l**5/20 - 3*l**2/2 - l. Let v(i) = 2*i + 12. Let s be v(-6). Give n(s).
-3
Let p(s) = -2 + 0*s + 6*s - 4*s. Let w = -19 - -27. Suppose -w = -2*n - 0*n. What is p(n)?
6
Let j(g) be the third derivative of -g**6/120 - g**5/20 + g**4/8 + g**3/3 - g**2. Let b = -10 - 1. Let c = b - -7. Determine j(c).
6
Let r(